(-8)/c). Let z(i) = i - 6. What is the units digit of z(r)?
1
Suppose 17 = 2*f - 13. What is the tens digit of f?
1
Let x = 0 + 3. Let s(z) = 6 + 6*z**2 - 2*z**3 + 2*z + x*z**3 - 10*z. What is the tens digit of s(-7)?
1
Let r be 1/(-4) - (-162)/8. Let b be (10/(-2))/((-4)/r). Suppose 3*o - b + 1 = 0. What is the units digit of o?
8
Let w(m) be the second derivative of m**4/12 - 3*m**3/2 - 6*m**2 - 2*m. What is the tens digit of w(11)?
1
Suppose 6*r + 4*u - 12 = 3*r, 0 = 4*u. Suppose n - 3*n = 5*q - 81, -4*n + 92 = -r*q. What is the units digit of n?
8
Let l(r) = -r + 1. Suppose -5*z - c = -22, 2*z - 4*z + 3*c + 19 = 0. Suppose m - 3*m = 5*h - z, -5*h = -2*m + 15. What is the units digit of l(h)?
2
Let s be ((-12)/((-2)/1))/(-1). Let r be (-2)/s*(0 + -3). What is the tens digit of 11*(-1)/1*r?
1
Suppose 4*a + 8 = -3*j + 1, -4 = -4*j - 2*a. Let n(v) = -2*v - 8. Let l(t) = -3*t - 9. Let s(q) = -5*l(q) + 6*n(q). What is the units digit of s(j)?
6
Suppose 3 = -3*n - 6*p + 3*p, 3*p + 24 = 4*n. Suppose -5*f + n*d = -93, -4*f + 3*d = -1 - 74. Suppose -c + 4*c - f = 0. What is the units digit of c?
6
Let t = 69 - -166. What is the units digit of t?
5
Let f(s) = -14*s - 26. What is the tens digit of f(-6)?
5
Let d(u) = u**3 - 2*u**2 - 6*u - 2. Let z be d(-4). Let t = 134 + z. Suppose -7*v + t = -3*v. What is the units digit of v?
5
Let g(o) = o**2 - 8*o - 26. What is the units digit of g(14)?
8
Suppose 3*p - 187 = 458. What is the hundreds digit of p?
2
Let l(y) = 2*y - 1. Let c be l(2). Let x(v) = 5*v - 25. Let b be x(11). Suppose -c*a + b = -a. What is the tens digit of a?
1
Suppose 3*x = -5*j, -3*x + 7*j - 4*j = 0. Suppose x = 3*f + 12 + 12. Let a(s) = s**2 + 8*s + 10. What is the units digit of a(f)?
0
Suppose 2*w + 2 = w - 2*s, -2*s - 26 = -3*w. What is the units digit of w?
6
Let c(u) be the second derivative of 7*u**3/6 + u. What is the units digit of c(1)?
7
Suppose 5*b = 4*b + 9. Suppose 2*u - b = 19. What is the units digit of u?
4
Suppose x + v + 13 = 0, -x = 2*v - 7*v - 11. Let l(h) = 8*h - 2 + 4*h - 13*h + 0*h. What is the units digit of l(x)?
7
Suppose -4*v = -5*v + 83. What is the units digit of v?
3
Suppose -154 + 4258 = 18*w. What is the hundreds digit of w?
2
Let v be (2 - 9)*-1 + -3. Suppose 5*x + z - 213 = 0, -22 = x + v*z - 76. What is the tens digit of x?
4
Let j be (5 + 1 + 0)/1. What is the units digit of 1 + j*(-4)/(-3)?
9
Let p be -4*1*(3 + -2). Let n = p - -6. What is the units digit of n?
2
Let z = 20 - 12. Suppose 0 = -7*f + 5*f + z. Suppose -6*v + 46 = -f*v. What is the units digit of v?
3
Let h be (-2)/(-4) + 9/6. Suppose c + h*c - 27 = 0. What is the units digit of c?
9
Let s be (-2 - (-1 + 0))*-5. Suppose 0 = 3*c + s*m - 5, 3*c - 4*c = -3*m + 3. Let l = c + 2. What is the units digit of l?
2
Let t be 12/(0 + 3) + -2. Suppose 5 = -t*j + 19. Suppose -2*m + 28 = -5*n, -m + j + 7 = -2*n. What is the tens digit of m?
1
Let v(h) = -h**3 - 1 - 3*h - 2*h**2 - 5*h**2 - 4*h. Suppose 0 = -2*a + a - 6. What is the units digit of v(a)?
5
Let j(l) = 7*l**2 + 8*l - 15. What is the tens digit of j(6)?
8
What is the tens digit of ((-232)/6)/((-42)/63)?
5
Suppose 4*o + 0*o + 16 = 0. Let p = 1 - o. What is the units digit of p?
5
Let i be ((-6)/(-9))/((-6)/(-27)). Suppose 0 = -5*a - i*d - 47, -a + 4*d + 44 = -5*a. What is the units digit of (12/42)/((-1)/a)?
2
Suppose 0 = -r - 4*l + 20 + 4, -4*r + l = -96. What is the units digit of r?
4
Suppose -3*u + 13 = s - 3*s, 0 = -2*s - 4. Let g be ((-12)/18)/(1/(-6)). Let m = g - u. What is the units digit of m?
1
Let x = 7 + 24. What is the units digit of x?
1
Let w(h) = -h + 126. Let r be w(0). Suppose -j + r = 4*l + l, -j = -l + 24. What is the units digit of l?
5
Suppose -4*h + 11 = -3*m, m + 3*h = 4*h - 2. Let o be (3/(-6))/(m/(-30)). Suppose 5*n - 2*a - 55 = 3*a, 20 = o*n + 2*a. What is the units digit of n?
6
Let d(q) = 43*q + 4. What is the tens digit of d(2)?
9
Suppose 3*z + 72 = 6*z. What is the tens digit of z?
2
Suppose -19*s + 15*s + 152 = 0. What is the units digit of s?
8
Suppose -7*l = -8*l. Suppose l = -y - 2*s - 2, 0 = 5*y - 5*s - 50. What is the units digit of y?
6
Let b(g) = -2*g**2 - 28*g - 2. What is the units digit of b(-12)?
6
What is the tens digit of 10*((-2)/(-2) + 2)?
3
Let l = 17 + -14. Suppose l*y - 64 = -y. What is the units digit of y?
6
Suppose -3*p + 12 + 3 = 0. Suppose 0 = p*h - 2*h - 39. What is the tens digit of h?
1
Suppose -4 - 11 = -3*c. Suppose -c*n + 8 = -57. What is the units digit of n?
3
What is the units digit of 36 - 1 - 30/15?
3
Let p(a) = -25*a**3 + 9*a**2 - 4*a - 5. Let h(o) = -12*o**3 + 5*o**2 - 2*o - 3. Let l(n) = 7*h(n) - 4*p(n). What is the tens digit of l(1)?
1
Let p be (0 + -5*1)*1. Let t = p - -8. Let r(h) = 2*h - 4. What is the units digit of r(t)?
2
Let j = 2 + 0. Let c be 0/(-3 + 4/j). Suppose -3*z + 4*q + 20 = -z, c = -3*z - q + 2. What is the units digit of z?
2
Let f be 28 - (3 + (-12)/3). Suppose j + l = 3, 3*j - 4*l + 2*l = f. What is the units digit of j?
7
Suppose v = -4*v - 75. What is the units digit of 26*(v/6)/(-5)?
3
Let z(v) = -v**3 - 4*v**2. Let w be z(3). Let g = 10 - w. Suppose 4*y + 0*y - g = 3*m, 25 = y - 3*m. What is the units digit of y?
6
Let l = -46 + 71. What is the units digit of l?
5
Suppose 5*m = -d + 2*d - 32, 3*d + 3*m - 24 = 0. Let y = 50 - d. What is the units digit of y?
8
Let d = -3 + 5. Suppose 0 = 4*r + s - 5*s + 4, -d*s + 2 = -5*r. Suppose r = 5*u + 4*a - 61, -3*a + 12 = 0. What is the units digit of u?
9
Suppose 2*q - 5*s = 80, 200 = 4*q + q + 5*s. What is the tens digit of q?
4
Suppose -3 = -4*r - 23. Let h = r + 7. Suppose h*x - 15 = x. What is the tens digit of x?
1
Let z(c) = 5*c + 11. Let h be z(8). Let q = h - 25. What is the units digit of q?
6
Let y = 14 - 13. What is the units digit of 2 - y*(-16 + 3)?
5
Suppose -2*d - 25 = -5*w, 5*d - 2*d + 15 = 3*w. Suppose d*o + o = -10. What is the units digit of o/1*(-3)/6?
5
Let b(u) = u**2 + 2*u. Suppose 0 = 5*g - 5*x + 5, 3*g + 11 = -0*x - x. What is the units digit of b(g)?
3
Let v = -3 + 22. What is the tens digit of v?
1
What is the tens digit of 103 + (6 - -3 - 4)?
0
Let a be (-48)/(-27) - 2/(-9). Suppose -2*v + 7*v = -x + 14, 0 = -a*v + 2*x - 4. Suppose 0 = 4*o - v*p - 16, -2*p = -3*o + p + 15. What is the units digit of o?
3
Let t be (-6)/10 + (-28)/20. Let i be -5*(t + (-4)/(-10)). What is the units digit of (-5)/((-10)/6) + i?
1
Let v = -46 - -67. Suppose -2*j + u + 6 = -u, -3*j - u + v = 0. What is the units digit of j?
6
Suppose -v + 28 = -3*s, 2*s + 85 = 3*v - 34. Let f = -30 + v. What is the tens digit of f?
1
Let j be 7/5 + 3/5. Suppose -j*l - 3*l = -15. Suppose -l*s = s - 12. What is the units digit of s?
3
Suppose -6 = 5*p - n, 5*n = 9 - 4. Let r(h) = -h**3 - h**2. Let u be r(p). Let l(o) = -o**3 - o**2 + o + 7. What is the units digit of l(u)?
7
Suppose 0 = 3*k + 5*y + 2, -2*k - 2*y + 3*y + 16 = 0. Suppose w = k*w. What is the units digit of 5 + w - (-3 + 2)?
6
Let q(f) = -f**2 - 10*f + 11. Let z be q(-9). Let u = -10 + z. What is the tens digit of u?
1
Let f(s) = 3*s**2 - 2*s - 1. Let n be f(-1). What is the units digit of n/(-6) + 124/6?
0
Let d(f) be the first derivative of -f**4/4 + 7*f**3/3 + 7*f**2/2 + 11*f - 1. Let x = -6 + 14. What is the units digit of d(x)?
3
What is the units digit of 6/(-15) + 2001/15?
3
Let o be ((-6)/(-2))/((-15)/(-20)). Suppose c - o*b = 15, 3*c = -4*b - 4 + 1. Suppose -c*q = q - 4. What is the units digit of q?
1
Let h(j) = 18*j**2 - 4. What is the units digit of h(2)?
8
Let v(j) = -j**3 - 10*j**2 + 10*j - 7. Let x be v(-11). Suppose -68 = -x*k + 4*d, -85 = -5*k - 3*d - 0*d. What is the units digit of k?
7
Let a = -27 - -12. Let f = 25 + a. What is the units digit of f?
0
Suppose 3*u + 90 = 8*u. What is the tens digit of u?
1
Let f(o) = -o + 14. Let i be f(9). Let u(a) be the first derivative of a**4/4 - 2*a**3 + 2*a**2 + 7*a - 2. What is the units digit of u(i)?
2
Suppose 3*n + 10 = 5*n. What is the units digit of n?
5
Let w(j) = j**2 + 4*j + 5. Suppose 0 = -b + 5, -4*n + 4*b - 36 + 0 = 0. What is the units digit of w(n)?
5
Let v = -123 + 155. What is the units digit of v?
2
Let g = -408 - -674. What is the tens digit of g?
6
Let z be ((-2)/(-4))/(1/2). Suppose -z = y - 9. What is the units digit of 